 17 - 3*3/9. Suppose 5*o = o + 448. Calculate the greatest common factor of o and r.
16
Let n(b) = -b + 11. Let i be n(0). Calculate the greatest common divisor of 11 and i.
11
Let y be (5 - (-52)/(-6))*-9. What is the greatest common divisor of y and 297?
33
Let t(b) = -b + 8. Let d be t(8). Suppose 3*j = -3*s + 51, -3*j + d*s + 46 = 2*s. Calculate the highest common factor of 132 and j.
12
Suppose -2*j - 8 = -6*j. Suppose 1491 = -3*y - 5*a, -y = 4*y + j*a + 2466. Let w be y/(-42) + 4/14. Calculate the highest common factor of w and 120.
12
Let a = 28 + 14. What is the highest common factor of a and 168?
42
Let i = 25 - 18. Let r = -110 - -159. What is the greatest common divisor of i and r?
7
Let w(a) = -15*a + 9. Let h be w(-12). Calculate the greatest common divisor of h and 21.
21
Let c be 1/3 - (-8)/3. Let a be -3*(1 - 5/c). Suppose 29 = a*v - 43. What is the greatest common divisor of v and 12?
12
Suppose -4*k - 74 = -s, 5*s - 405 = 4*k - 51. What is the highest common divisor of s and 28?
14
Let u be 8/6 + -1 + (-208)/(-6). What is the greatest common factor of u and 5?
5
Suppose 3*p - 70 = -2*p. Let x = -1 + p. Suppose 0 = 3*a - 12 - 105. Calculate the highest common divisor of a and x.
13
Let m(k) = k**2 + 3*k - 6. Let o be m(-5). Suppose -d = -2*x + 2, 0 = 2*x - 0*x - 4*d + o. What is the highest common divisor of x and 22?
2
Let o(i) = 35*i**2 + i. Let p be o(1). Calculate the greatest common divisor of 24 and p.
12
Suppose 16 = 5*v - 34. Let r(i) = i**2 + 7*i + 6. Let a be r(-11). What is the greatest common factor of v and a?
10
Suppose a = -2*z + 2*a + 146, 2*z = -a + 154. Suppose 4*q - z = 4*l - 27, 0 = -q + 4*l + 15. What is the greatest common divisor of 11 and q?
11
Suppose -n + 3*j = 4, -12 = -3*n - 3*j - 0. What is the greatest common divisor of 2 and n?
2
Let y be 18 - ((1 - 0) + 1). Calculate the greatest common divisor of 2 and y.
2
Let s = -65 - -66. What is the greatest common factor of 12 and s?
1
Let x(m) = -3*m - 7. Let w be x(-5). What is the greatest common factor of w and 2?
2
Suppose h = 135 + 364. Suppose -4*l - 19 + h = 0. What is the greatest common factor of 24 and l?
24
Suppose -3*y + 399 = 10*o - 7*o, 0 = -5*o + 2*y + 658. What is the highest common divisor of 12 and o?
12
Suppose -3*r + 11 = 2*r - 4*y, -2*y = 2*r - 8. Let v be 2 - (-60)/9*r. Suppose 3*l + 111 = 837. Calculate the highest common divisor of v and l.
22
Let k = -216 + 113. Let h = k + 154. Calculate the greatest common divisor of h and 17.
17
Let l be 123/6 + 3/6. Suppose b - l = -2*b. Let w = b + 7. What is the highest common factor of 28 and w?
14
Let o(p) = 15*p - 7. Let x be o(10). What is the highest common divisor of x and 13?
13
Suppose 2*b = -4*g - 6, 0*b = 3*b - 3*g - 9. Let s(p) = 51*p**3 - p**2 - p + 1. Let h be s(b). Calculate the highest common divisor of 5 and h.
5
Let w = 59 + -46. What is the greatest common divisor of 208 and w?
13
Suppose -103 = -4*f - 39. Calculate the greatest common factor of f and 2.
2
Suppose 8 + 8 = 4*h. Suppose h*w = 144 - 48. Calculate the highest common factor of w and 16.
8
Let a be 1 + 3 + 78 + -2. Suppose 2*n + a = 230. Suppose -17 = -b + 2*h + 2, -4*b = 5*h - 50. Calculate the greatest common divisor of b and n.
15
Suppose -5 = -3*j + 7. Let u = 6 - 1. Suppose -x - j*d = -25, -4*x + 6*d = d + u. Calculate the highest common divisor of x and 20.
5
Let n(u) = 7*u**2 - u. Let q be n(3). Calculate the greatest common factor of q and 24.
12
Let k be (28/5)/1*5. Suppose -f - k = -4*z + 8, 4*f - 18 = -2*z. What is the highest common factor of z and 9?
9
Suppose 4 - 1 = 3*b. Let t be (b - -1 - 1)*13. What is the greatest common factor of t and 104?
13
Let n(p) = -p**3 + 6*p**2. Let w be n(4). What is the highest common factor of w and 160?
32
Let a = 8 + -6. Suppose 3*v - v = a*z - 90, -2*v - 91 = -z. Let m be (-8)/44 + v/(-11). What is the greatest common divisor of m and 12?
4
Let a be (36/(-27))/(1/(-3)). Suppose -i + a*i = 6. Calculate the greatest common factor of i and 4.
2
Suppose 2*g - 8 = -3*s + 2, g = -1. Let h(w) = w**3 - 4*w**2 + 4*w + 4. Let o be h(s). Suppose 4*k - 160 = -0*k. What is the greatest common factor of k and o?
20
Let j be (-663)/(-12) - (-3)/(-12). Calculate the highest common divisor of 5 and j.
5
Suppose 0 = -22*t + 23*t - 20. Calculate the highest common divisor of 8 and t.
4
Let v = 0 - 0. Suppose -4*d = -v*d - 60. Suppose 0*h = -12*h + 72. Calculate the highest common divisor of d and h.
3
Let a be (1 - -4)*(-1)/((-3)/210). Calculate the greatest common divisor of a and 14.
14
Let w(g) = 50*g - 5. Let t be w(2). What is the highest common divisor of 19 and t?
19
Let u(g) = g**2 + 10*g - 11. Let j be u(-12). What is the greatest common factor of 39 and j?
13
Suppose -2*n = -81 - 29. Suppose -25 = -5*w, 0 = 5*g - 2*w - w - n. Suppose -2*s + 35 = 3*s. Calculate the greatest common factor of g and s.
7
Suppose k - 4*k + 48 = 0. Let q(j) = 129*j + 1. Let a be q(-1). Let u = k - a. What is the greatest common divisor of 16 and u?
16
Let k(f) = -56*f. Let i be k(-1). Calculate the greatest common divisor of 8 and i.
8
Let o be 3/(-4 - -1)*-1. Let j be 42/(1 + o/(-2)). What is the highest common divisor of 12 and j?
12
Let z be (416/2)/(0 + 1). What is the highest common divisor of z and 26?
26
Let n(r) = 3*r**2 - 2*r - 4. Let o be n(3). Suppose 0 = -0*v + v - 298. Suppose 4*k = -4*d + 604, k + k + 4*d = v. What is the highest common factor of k and o?
17
Suppose -3*i + 5*i = 4. Calculate the greatest common factor of 5 and i.
1
Let i = 9 + 2. What is the greatest common factor of i and 44?
11
Let n = -55 - -64. Let y = -28 - -58. Suppose -y = -5*d + 105. What is the greatest common divisor of d and n?
9
Let t be (-5)/3*42/(-2). Let j(u) = 2*u - 5. Let r be j(6). What is the highest common divisor of t and r?
7
Suppose -2*a + 768 = 2*a. Calculate the greatest common divisor of a and 24.
24
Suppose u - 2*z + 36 = 2*z, -5*z + 40 = -u. Let j = -19 - u. What is the greatest common divisor of 4 and j?
1
Let w(k) = -k**2 - 5*k + 3. Let h be w(-5). Let u = 1 - 1. Suppose u = h*r + 15 - 63. Calculate the highest common divisor of r and 24.
8
Suppose 230 = 2*i - 34. Let w be (2/3)/(4/(-12)). Let k be (w/(-3))/((-1)/(-18)). What is the highest common divisor of i and k?
12
Let b(z) = -z**2 - 10*z + 11. Let g be b(-10). Calculate the highest common factor of g and 1.
1
Let v(h) = -h + 8. Let b be v(-6). Let y be (-4)/b - 678/(-21). What is the highest common factor of y and 8?
8
Suppose -4*y - 3*u + 641 = 2*u, 0 = -4*u + 20. What is the greatest common factor of 14 and y?
14
Suppose 0 = -f - 0*f. Let b = 2 - f. Suppose 35 = 10*a - 5. What is the greatest common factor of b and a?
2
Let k(n) = -7*n**3 - 3*n**2 - 3*n - 6. Let y be k(-3). Calculate the highest common factor of y and 15.
15
Suppose -7*a + 197 = 92. What is the greatest common factor of a and 1?
1
Let u(i) = 2*i**2 - 14*i + 15. Let g be u(10). Let m be (-3)/((6/(-20))/3). Calculate the highest common divisor of m and g.
15
Suppose -2*q = -5*l - 142, 3*q + 3*l = 2*q + 60. Calculate the greatest common factor of 6 and q.
6
Let d(g) = g + 1. Let v be 17/5 + 6/(-15). Let y be d(v). Suppose -y*q = 5*p - 428, 4*p + 3*q - 328 = 7*q. What is the greatest common factor of p and 12?
12
Suppose -2*z + 6 = -2*u, 9 = -u + 5*z - 2. Let w be -35*-18*u/(-7). What is the highest common divisor of 10 and w?
10
Let s(k) = -k**2 - 2. Let v be s(2). Let z(a) = a**2 + 3*a - 9. Let f be z(v). What is the greatest common factor of 99 and f?
9
Let r(h) = h**3 + 12*h**2 - 15*h - 22. Let f be r(-13). Calculate the highest common divisor of 116 and f.
4
Suppose p + 5 = -2*p + 2*m, -p = 3*m - 13. What is the highest common factor of p and 8?
1
Suppose 7*n - 175 = 2*n. Calculate the greatest common factor of n and 7.
7
Suppose 0*a + 1 = a. Suppose p - a = t - 7, 5*t - 4*p = 30. Suppose 2*w + w = 4*f - 27, 4*f - 2*w - 22 = 0. Calculate the greatest common factor of f and t.
3
Let d = 1 - 1. Suppose -2*y + 7 = -g, y - 6*g + 2*g = 7. Let l be d - 15*(-3)/y. What is the highest common factor of l and 15?
15
Let b = -258 + 434. What is the greatest common divisor of b and 22?
22
Suppose -114 = -5*i + 2*i. What is the highest common divisor of 19 and i?
19
